{"id":598,"date":"2013-08-11T21:39:18","date_gmt":"2013-08-12T01:39:18","guid":{"rendered":"http:\/\/rivalsolutions.com\/?page_id=598"},"modified":"2013-08-20T11:37:30","modified_gmt":"2013-08-20T15:37:30","slug":"nouvelles","status":"publish","type":"page","link":"https:\/\/www0.rivalsolutions.com\/?page_id=598&lang=fr","title":{"rendered":"Nouvelles"},"content":{"rendered":"","protected":false},"excerpt":{"rendered":"","protected":false},"author":3,"featured_media":0,"parent":0,"menu_order":100,"comment_status":"closed","ping_status":"closed","template":"blog.php","meta":{"_mi_skip_tracking":false,"spay_email":""},"jetpack_sharing_enabled":true,"jetpack_shortlink":"https:\/\/wp.me\/P3yAVl-9E","jetpack-related-posts":[{"id":2104,"url":"https:\/\/www0.rivalsolutions.com\/?page_id=2104&lang=fr","url_meta":{"origin":598,"position":0},"title":"rInspecteur &#8211; Instructions","date":"2016\/12\/19","format":false,"excerpt":"L'utilisation de rInspecteur permet la cueillette d'information \u00e0 partir d'images pr\u00e9alablement charg\u00e9es dans Rubix. L'utilisation de formulaires est requise pour proc\u00e9der \u00e0 l'inspection ou l'inventaire d'infrastructures via ce module. Organisation de l'espace de travail L'espace de travail est partag\u00e9 en deux section: Cartograhie et imagerie \u00e0 gauche de l'\u00e9cran; Formulaire\u2026","rel":"","context":"Similar post","img":{"alt_text":"rinspector-inspect_fr","src":"https:\/\/i0.wp.com\/testweb.rivalsolutions.com\/wp-content\/uploads\/2016\/12\/rInspector-Inspect_fr.png?resize=350%2C200","width":350,"height":200},"classes":[]},{"id":788,"url":"https:\/\/www0.rivalsolutions.com\/?page_id=788&lang=fr","url_meta":{"origin":598,"position":1},"title":"Inscription au Webinaire (25 septembre 2013)","date":"2013\/09\/13","format":false,"excerpt":"D\u00c9TAILS DE L'\u00c9V\u00c8NEMENT : Titre: \u00c9valuation de la performance des r\u00e9seaux routiers municipaux - Une nouvelle approche innovante et \u00e0 bas co\u00fbt. Date :\u00a0mercredi le 25 septembre 2013 Heure : 10:00\u00a0\u2014 10:30 Pr\u00e9sent\u00e9 par : Claude Laflamme, Co-fondateur et Directeur de la Recherche et d\u00e9veloppement, Rival Solutions Sommaire de la\u2026","rel":"","context":"Similar post","img":{"alt_text":"","src":"","width":0,"height":0},"classes":[]},{"id":840,"url":"https:\/\/www0.rivalsolutions.com\/?page_id=840&lang=fr","url_meta":{"origin":598,"position":2},"title":"Inscription au Webinaire 2014","date":"2014\/09\/23","format":false,"excerpt":"D\u00c9TAILS DE L'\u00c9V\u00c8NEMENT : Titre: \u00c9valuation de la performance des r\u00e9seaux routiers municipaux - Une nouvelle approche innovante et \u00e0 faible co\u00fbt.Date : Mardi le 30 septembre, 07 octobre et 14 octobre 2014 Heure : 10:00\u00a0\u2014 10:30 Pr\u00e9sent\u00e9 par : Claude Laflamme, Co-fondateur et Directeur de la Recherche et d\u00e9veloppement,\u2026","rel":"","context":"Similar post","img":{"alt_text":"","src":"https:\/\/i0.wp.com\/testweb.rivalsolutions.com\/wp-content\/uploads\/2014\/09\/Webinaire2014_05.png?resize=350%2C200","width":350,"height":200},"classes":[]},{"id":2130,"url":"https:\/\/www0.rivalsolutions.com\/?page_id=2130&lang=fr","url_meta":{"origin":598,"position":3},"title":"rDash &#8211; Guide d&#8217;utilisation","date":"2017\/04\/04","format":false,"excerpt":"La solution Rubix est un solution modulaire compos\u00e9e d'applications web et mobiles. rDash constitue l'application web principale \u00e0 laquelle se greffe diff\u00e9rents module aidant le gestionnaire d'infrastructures. Chacune des page de l'application rDash et de ses diff\u00e9rents modules est dot\u00e9e d'un menu d'aide disponible en haut \u00e0 gauche de chacune\u2026","rel":"","context":"Similar post","img":{"alt_text":"","src":"","width":0,"height":0},"classes":[]},{"id":20,"url":"https:\/\/www0.rivalsolutions.com\/?page_id=20&lang=fr","url_meta":{"origin":598,"position":4},"title":"Compagnie","date":"2018\/07\/06","format":false,"excerpt":"VUE D'ENSEMBLE Rival Solutions a \u00e9t\u00e9 fond\u00e9e en Mars 2013. Son principal domaine d\u2019activit\u00e9s est celui de l\u2019informatique d\u00e9cisionnelle appliqu\u00e9e au domaine de la g\u00e9omatique. Les principaux utilisateurs des solutions\u00a0Rival sont les gestionnaires d\u2019infrastructures routi\u00e8res municipales (chauss\u00e9es pav\u00e9es et non-pav\u00e9es, trottoirs, pistes cyclables et pi\u00e9tonni\u00e8res) et leurs fournisseurs de services.\u2026","rel":"","context":"Similar post","img":{"alt_text":"","src":"","width":0,"height":0},"classes":[]},{"id":212,"url":"https:\/\/www0.rivalsolutions.com\/?page_id=212&lang=fr","url_meta":{"origin":598,"position":5},"title":"\u00c9valuation de la performance des r\u00e9seaux routiers","date":"2013\/08\/11","format":false,"excerpt":"La solution RUBIX, assise sur la plateforme technologique Rival, offre aux gestionnaires d\u2019infrastructures routi\u00e8res, une solution novatrice compl\u00e8te \u00e9liminant les barri\u00e8res traditionnelles reli\u00e9es \u00e0 la cueillette des donn\u00e9es terrain et aux traitements complexes des donn\u00e9es.","rel":"","context":"Similar post","img":{"alt_text":"","src":"https:\/\/i1.wp.com\/www.rivalsolutions.com\/wp-content\/uploads\/2013\/08\/PavedRd6cfr_03-295x300.png?resize=350%2C200","width":350,"height":200},"classes":[]}],"_links":{"self":[{"href":"https:\/\/www0.rivalsolutions.com\/index.php?rest_route=\/wp\/v2\/pages\/598"}],"collection":[{"href":"https:\/\/www0.rivalsolutions.com\/index.php?rest_route=\/wp\/v2\/pages"}],"about":[{"href":"https:\/\/www0.rivalsolutions.com\/index.php?rest_route=\/wp\/v2\/types\/page"}],"author":[{"embeddable":true,"href":"https:\/\/www0.rivalsolutions.com\/index.php?rest_route=\/wp\/v2\/users\/3"}],"replies":[{"embeddable":true,"href":"https:\/\/www0.rivalsolutions.com\/index.php?rest_route=%2Fwp%2Fv2%2Fcomments&post=598"}],"version-history":[{"count":1,"href":"https:\/\/www0.rivalsolutions.com\/index.php?rest_route=\/wp\/v2\/pages\/598\/revisions"}],"predecessor-version":[{"id":599,"href":"https:\/\/www0.rivalsolutions.com\/index.php?rest_route=\/wp\/v2\/pages\/598\/revisions\/599"}],"wp:attachment":[{"href":"https:\/\/www0.rivalsolutions.com\/index.php?rest_route=%2Fwp%2Fv2%2Fmedia&parent=598"}],"curies":[{"name":"wp","href":"https:\/\/api.w.org\/{rel}","templated":true}]}}