{"id":1563,"date":"2018-07-06T14:38:07","date_gmt":"2016-03-29T15:54:05","guid":{"rendered":"http:\/\/rivalsolutions.com\/?page_id=1563"},"modified":"2017-10-20T16:32:51","modified_gmt":"2017-10-20T20:32:51","slug":"cueillette-de-donnees-simplifiee","status":"publish","type":"page","link":"https:\/\/www0.rivalsolutions.com\/?page_id=1563&lang=fr","title":{"rendered":"Inspectez vos infrastructures vous-m\u00eame!"},"content":{"rendered":"<h5>Outils de cueillette Rubix<\/h5>\n<p>Les outils de cueillette de donn\u00e9es Rubix sont con\u00e7ues de fa\u00e7on \u00e0 r\u00e9pondre \u00e0 un besoin sp\u00e9cifique tout en \u00e9tant facile d\u2019utilisation. Leur fonction principale est de recueillir les donn\u00e9es brutes pertinentes \u00e0 l&#8217;entretien et la gestion des infrastructures routi\u00e8res. Ces applications sont d\u00e9velopp\u00e9es sous la platforme iOS et peuvent donc \u00eatre utilis\u00e9es sur iPhone ou iPad selon l\u2019application. Pour une plus grande flexibilit\u00e9, les applications peuvent \u00eatre utilis\u00e9es en mode dynamique (conduite) ou statique (marche) selon le cas.<\/p>\n<p>Elles ont aussi \u00e9t\u00e9 con\u00e7ues avec l\u2019objectif d\u2019\u00eatre compl\u00e8tement autonomes lors de l\u2019utilisation en mode dynamique ou pour le transfert et la gestion des donn\u00e9es en mode statique et dynamique. De cette fa\u00e7on, elles peuvent \u00eatre utilis\u00e9es sur des v\u00e9hicules d&#8217;entretien ou de surveillance du r\u00e9seau sans nuire aux op\u00e9rations normales.<\/p>\n<p>Les applications ont \u00e9t\u00e9 d\u00e9velopp\u00e9es dans le but de relever les informations pertinentes \u00e0 l\u2019\u00e9valuation de l\u2019\u00e9tat ainsi que pour permettre une \u00e9valuation de la performance des diff\u00e9rents types d\u2019infrastructures tels : les routes, les trottoirs, les voies pi\u00e9tonnes et cyclables.<\/p>\n<p>Les principales applications sont :<\/p>\n<table id=\"Product Table\" dir=\"ltr\" lang=\"English\" style=\"margin: 1px auto; width: 350px; height: 100px;\" border=\"0\" cellspacing=\"10\" cellpadding=\"10\" align=\"center\">\n<tbody>\n<tr>\n<td style=\"width: 150px; height: 150px;\" align=\"center\" valign=\"middle\"><a href=\"http:\/\/rivalsolutions.com\/?page_id=167 \"><img data-attachment-id=\"368\" data-permalink=\"https:\/\/www0.rivalsolutions.com\/?attachment_id=368\" data-orig-file=\"https:\/\/i2.wp.com\/www0.rivalsolutions.com\/wp-content\/uploads\/2013\/06\/rRufV2-10242.png?fit=1024%2C1024&amp;ssl=1\" data-orig-size=\"1024,1024\" data-comments-opened=\"1\" data-image-meta=\"{&quot;aperture&quot;:&quot;0&quot;,&quot;credit&quot;:&quot;&quot;,&quot;camera&quot;:&quot;&quot;,&quot;caption&quot;:&quot;&quot;,&quot;created_timestamp&quot;:&quot;0&quot;,&quot;copyright&quot;:&quot;&quot;,&quot;focal_length&quot;:&quot;0&quot;,&quot;iso&quot;:&quot;0&quot;,&quot;shutter_speed&quot;:&quot;0&quot;,&quot;title&quot;:&quot;&quot;,&quot;orientation&quot;:&quot;0&quot;}\" data-image-title=\"rRufV2-10242\" data-image-description=\"\" data-image-caption=\"\" data-medium-file=\"https:\/\/i2.wp.com\/www0.rivalsolutions.com\/wp-content\/uploads\/2013\/06\/rRufV2-10242.png?fit=300%2C300&amp;ssl=1\" data-large-file=\"https:\/\/i2.wp.com\/www0.rivalsolutions.com\/wp-content\/uploads\/2013\/06\/rRufV2-10242.png?fit=605%2C605&amp;ssl=1\" loading=\"lazy\" class=\"aligncenter wp-image-368 size-thumbnail\" src=\"https:\/\/i1.wp.com\/testweb.rivalsolutions.com\/wp-content\/uploads\/2013\/06\/rRufV2-10242-150x150.png?resize=150%2C150\" alt=\"rRuf\" width=\"150\" height=\"150\" srcset=\"https:\/\/i2.wp.com\/www0.rivalsolutions.com\/wp-content\/uploads\/2013\/06\/rRufV2-10242.png?resize=150%2C150&amp;ssl=1 150w, https:\/\/i2.wp.com\/www0.rivalsolutions.com\/wp-content\/uploads\/2013\/06\/rRufV2-10242.png?resize=300%2C300&amp;ssl=1 300w, https:\/\/i2.wp.com\/www0.rivalsolutions.com\/wp-content\/uploads\/2013\/06\/rRufV2-10242.png?resize=100%2C100&amp;ssl=1 100w, https:\/\/i2.wp.com\/www0.rivalsolutions.com\/wp-content\/uploads\/2013\/06\/rRufV2-10242.png?resize=200%2C200&amp;ssl=1 200w, https:\/\/i2.wp.com\/www0.rivalsolutions.com\/wp-content\/uploads\/2013\/06\/rRufV2-10242.png?resize=450%2C450&amp;ssl=1 450w, https:\/\/i2.wp.com\/www0.rivalsolutions.com\/wp-content\/uploads\/2013\/06\/rRufV2-10242.png?resize=600%2C600&amp;ssl=1 600w, https:\/\/i2.wp.com\/www0.rivalsolutions.com\/wp-content\/uploads\/2013\/06\/rRufV2-10242.png?resize=900%2C900&amp;ssl=1 900w, https:\/\/i2.wp.com\/www0.rivalsolutions.com\/wp-content\/uploads\/2013\/06\/rRufV2-10242.png?resize=400%2C400&amp;ssl=1 400w, https:\/\/i2.wp.com\/www0.rivalsolutions.com\/wp-content\/uploads\/2013\/06\/rRufV2-10242.png?w=1024&amp;ssl=1 1024w\" sizes=\"(max-width: 150px) 100vw, 150px\" data-recalc-dims=\"1\" \/><\/a><\/td>\n<td dir=\"ltr\" style=\"width: 150px; height: 150px;\" align=\"center\" valign=\"middle\"><a href=\"http:\/\/rivalsolutions.com\/?page_id=169\"><img data-attachment-id=\"367\" data-permalink=\"https:\/\/www0.rivalsolutions.com\/?attachment_id=367\" data-orig-file=\"https:\/\/i2.wp.com\/www0.rivalsolutions.com\/wp-content\/uploads\/2013\/06\/rInspectorV2_Tr1.png?fit=1024%2C1024&amp;ssl=1\" data-orig-size=\"1024,1024\" data-comments-opened=\"1\" data-image-meta=\"{&quot;aperture&quot;:&quot;0&quot;,&quot;credit&quot;:&quot;&quot;,&quot;camera&quot;:&quot;&quot;,&quot;caption&quot;:&quot;&quot;,&quot;created_timestamp&quot;:&quot;0&quot;,&quot;copyright&quot;:&quot;&quot;,&quot;focal_length&quot;:&quot;0&quot;,&quot;iso&quot;:&quot;0&quot;,&quot;shutter_speed&quot;:&quot;0&quot;,&quot;title&quot;:&quot;&quot;,&quot;orientation&quot;:&quot;0&quot;}\" data-image-title=\"rInspectorV2_Tr1\" data-image-description=\"\" data-image-caption=\"\" data-medium-file=\"https:\/\/i2.wp.com\/www0.rivalsolutions.com\/wp-content\/uploads\/2013\/06\/rInspectorV2_Tr1.png?fit=300%2C300&amp;ssl=1\" data-large-file=\"https:\/\/i2.wp.com\/www0.rivalsolutions.com\/wp-content\/uploads\/2013\/06\/rInspectorV2_Tr1.png?fit=605%2C605&amp;ssl=1\" loading=\"lazy\" class=\"aligncenter wp-image-367 size-thumbnail\" src=\"https:\/\/i2.wp.com\/testweb.rivalsolutions.com\/wp-content\/uploads\/2013\/06\/rInspectorV2_Tr1-150x150.png?resize=150%2C150\" alt=\"rRate\" width=\"150\" height=\"150\" srcset=\"https:\/\/i2.wp.com\/www0.rivalsolutions.com\/wp-content\/uploads\/2013\/06\/rInspectorV2_Tr1.png?resize=150%2C150&amp;ssl=1 150w, https:\/\/i2.wp.com\/www0.rivalsolutions.com\/wp-content\/uploads\/2013\/06\/rInspectorV2_Tr1.png?resize=300%2C300&amp;ssl=1 300w, https:\/\/i2.wp.com\/www0.rivalsolutions.com\/wp-content\/uploads\/2013\/06\/rInspectorV2_Tr1.png?resize=100%2C100&amp;ssl=1 100w, https:\/\/i2.wp.com\/www0.rivalsolutions.com\/wp-content\/uploads\/2013\/06\/rInspectorV2_Tr1.png?resize=200%2C200&amp;ssl=1 200w, https:\/\/i2.wp.com\/www0.rivalsolutions.com\/wp-content\/uploads\/2013\/06\/rInspectorV2_Tr1.png?resize=450%2C450&amp;ssl=1 450w, https:\/\/i2.wp.com\/www0.rivalsolutions.com\/wp-content\/uploads\/2013\/06\/rInspectorV2_Tr1.png?resize=600%2C600&amp;ssl=1 600w, https:\/\/i2.wp.com\/www0.rivalsolutions.com\/wp-content\/uploads\/2013\/06\/rInspectorV2_Tr1.png?resize=900%2C900&amp;ssl=1 900w, https:\/\/i2.wp.com\/www0.rivalsolutions.com\/wp-content\/uploads\/2013\/06\/rInspectorV2_Tr1.png?resize=400%2C400&amp;ssl=1 400w, https:\/\/i2.wp.com\/www0.rivalsolutions.com\/wp-content\/uploads\/2013\/06\/rInspectorV2_Tr1.png?w=1024&amp;ssl=1 1024w\" sizes=\"(max-width: 150px) 100vw, 150px\" data-recalc-dims=\"1\" \/><\/a><\/td>\n<\/tr>\n<tr>\n<td>Application mobile utilis\u00e9e pour recueillir les donn\u00e9es pertinentes \u00e0 l\u2019\u00e9valuation du confort au roulement (ou rugosit\u00e9 de la route).<\/td>\n<td>Application mobile versatile utilis\u00e9e pour recueillir les donn\u00e9es relatives aux d\u00e9fauts de surface pour les chauss\u00e9es pav\u00e9es, stationnements, trottoirs, signalisation, ponceaux et autres infrastructures.<\/td>\n<\/tr>\n<\/tbody>\n<\/table>\n<p><a name=\"3rdParty\"><\/a><\/p>\n<h5>Donn\u00e9es externes<\/h5>\n<p>En plus des donn\u00e9es recueillies par les outils de cueillette Rubix, la solution Rubix permet l\u2019int\u00e9gration de donn\u00e9es provenant de sources externes si les utilisateurs souhaitent utiliser de l\u2019\u00e9quipement de cueillette autre ou s\u2019ils ont acc\u00e8s \u00e0 des donn\u00e9es provenant d\u2019un prestataire de services. Pour plus d\u2019informations sur ces possibilit\u00e9s, veuillez contacter <a href=\"mailto:Info@rivalsolutions.com\">info@rivalsolutions.com.<\/a><\/p>\n","protected":false},"excerpt":{"rendered":"<p>Les applications mobiles rUNI et rInspecteur facilitent l&#8217;inventaire et l&#8217;inspection d&#8217;infrastructures. Les donn\u00e9es d&#8217;inspection peuvent \u00e9galement provenir de syst\u00e8mes tiers.<\/p>\n<div class=\"read-more\"><a href=\"https:\/\/www0.rivalsolutions.com\/?page_id=1563&#038;lang=fr\">Read more &#8250;<\/a><\/div>\n<p><!-- end of .read-more --><\/p>\n","protected":false},"author":4,"featured_media":1574,"parent":0,"menu_order":0,"comment_status":"closed","ping_status":"closed","template":"","meta":{"_mi_skip_tracking":false,"spay_email":""},"jetpack_sharing_enabled":true,"jetpack_shortlink":"https:\/\/wp.me\/P3yAVl-pd","jetpack-related-posts":[{"id":30,"url":"https:\/\/www0.rivalsolutions.com\/?page_id=30&lang=fr","url_meta":{"origin":1563,"position":0},"title":"RUBIX","date":"2018\/07\/06","format":false,"excerpt":"RUBIX est une solution bas\u00e9e sur la plateforme technologique Rival. Elle offre, aux\u00a0gestionnaires d'infrastructures routi\u00e8res et responsables de l'entretien de r\u00e9seaux,\u00a0une solution cl\u00e9 en main pour la cueillette, le traitement\u00a0des donn\u00e9es, l\u2019analyse des r\u00e9sultats et l'optimisation des resources. Le principal avantage de RUBIX, par rapport aux outils et m\u00e9thodes traditionnels,\u2026","rel":"","context":"Similar post","img":{"alt_text":"","src":"https:\/\/i2.wp.com\/testweb.rivalsolutions.com\/wp-content\/uploads\/2013\/06\/Puzz_2015_fr_03-1024x948.png?resize=350%2C200","width":350,"height":200},"classes":[]},{"id":212,"url":"https:\/\/www0.rivalsolutions.com\/?page_id=212&lang=fr","url_meta":{"origin":1563,"position":1},"title":"\u00c9valuation de la performance des r\u00e9seaux routiers","date":"2013\/08\/11","format":false,"excerpt":"La solution RUBIX, assise sur la plateforme technologique Rival, offre aux gestionnaires d\u2019infrastructures routi\u00e8res, une solution novatrice compl\u00e8te \u00e9liminant les barri\u00e8res traditionnelles reli\u00e9es \u00e0 la cueillette des donn\u00e9es terrain et aux traitements complexes des donn\u00e9es.","rel":"","context":"Similar post","img":{"alt_text":"","src":"https:\/\/i1.wp.com\/www.rivalsolutions.com\/wp-content\/uploads\/2013\/08\/PavedRd6cfr_03-295x300.png?resize=350%2C200","width":350,"height":200},"classes":[]},{"id":394,"url":"https:\/\/www0.rivalsolutions.com\/?page_id=394&lang=fr","url_meta":{"origin":1563,"position":2},"title":"Autres Solutions et Applications","date":"2013\/08\/08","format":false,"excerpt":"\u00a0 La solution RUBIX\u00a0a \u00e9t\u00e9\u00a0con\u00e7ue\u00a0pour \u00eatre\u00a0adapt\u00e9e\u00a0et\u00a0utilis\u00e9e\u00a0pour\u00a0r\u00e9pondre\u00a0\u00a0aux besoins de diff\u00e9rentes applications. Alors que\u00a0l'\u00e9valuation de la performance des r\u00e9seaux routiers\u00a0\u00e9tait la toute premi\u00e8re application d\u00e9velopp\u00e9e, RUBIX peut aussi \u00eatre utilis\u00e9e pour la gestion d'autres types d'infrastructures de transport: Routes de gravier\u00a0ou\u00a0non pav\u00e9es L'\u00e9tat des routes non pav\u00e9es ou de gravier change rapidement.\u2026","rel":"","context":"Similar post","img":{"alt_text":"","src":"","width":0,"height":0},"classes":[]},{"id":1569,"url":"https:\/\/www0.rivalsolutions.com\/?page_id=1569&lang=fr","url_meta":{"origin":1563,"position":3},"title":"Traitement Automatis\u00e9 et H\u00e9bergement Web","date":"2016\/03\/29","format":false,"excerpt":"Les donn\u00e9es transmises des applications mobiles sont trait\u00e9es par le service Rubix. Les indices de performance r\u00e9sultants sont visibles sur le tableau de bord du gestionnaire.","rel":"","context":"Similar post","img":{"alt_text":"","src":"https:\/\/i2.wp.com\/testweb.rivalsolutions.com\/wp-content\/uploads\/2016\/03\/dashboard3-1024x536.png?resize=350%2C200","width":350,"height":200},"classes":[]},{"id":877,"url":"https:\/\/www0.rivalsolutions.com\/?page_id=877&lang=fr","url_meta":{"origin":1563,"position":4},"title":"Plan d&#8217;intervention du MAMROT: Auscultation des Chauss\u00e9es","date":"2014\/03\/14","format":false,"excerpt":"Depuis 2005, les municipalit\u00e9s du Qu\u00e9bec ont \u0153uvr\u00e9 sur leurs premiers plans d\u2019intervention. PLUS...","rel":"","context":"Similar post","img":{"alt_text":"","src":"https:\/\/i2.wp.com\/www.rivalsolutions.com\/wp-content\/uploads\/2014\/03\/Indicateurs_03-250x300.png?resize=350%2C200","width":350,"height":200},"classes":[]},{"id":169,"url":"https:\/\/www0.rivalsolutions.com\/?page_id=169&lang=fr","url_meta":{"origin":1563,"position":5},"title":"rInspecteur: Outil d&#8217;inspection g\u00e9n\u00e9rique","date":"2018\/05\/31","format":false,"excerpt":"L\u2019application rRate permet de relever les d\u00e9fauts de surfaces des diff\u00e9rents types de chauss\u00e9e ou de trottoir.","rel":"","context":"Similar post","img":{"alt_text":"GUI3DrRateWeb_fr_03","src":"https:\/\/i1.wp.com\/testweb.rivalsolutions.com\/wp-content\/uploads\/2013\/06\/GUI3DrRateWeb_fr_03-1024x632.png?resize=350%2C200","width":350,"height":200},"classes":[]}],"_links":{"self":[{"href":"https:\/\/www0.rivalsolutions.com\/index.php?rest_route=\/wp\/v2\/pages\/1563"}],"collection":[{"href":"https:\/\/www0.rivalsolutions.com\/index.php?rest_route=\/wp\/v2\/pages"}],"about":[{"href":"https:\/\/www0.rivalsolutions.com\/index.php?rest_route=\/wp\/v2\/types\/page"}],"author":[{"embeddable":true,"href":"https:\/\/www0.rivalsolutions.com\/index.php?rest_route=\/wp\/v2\/users\/4"}],"replies":[{"embeddable":true,"href":"https:\/\/www0.rivalsolutions.com\/index.php?rest_route=%2Fwp%2Fv2%2Fcomments&post=1563"}],"version-history":[{"count":7,"href":"https:\/\/www0.rivalsolutions.com\/index.php?rest_route=\/wp\/v2\/pages\/1563\/revisions"}],"predecessor-version":[{"id":2214,"href":"https:\/\/www0.rivalsolutions.com\/index.php?rest_route=\/wp\/v2\/pages\/1563\/revisions\/2214"}],"wp:featuredmedia":[{"embeddable":true,"href":"https:\/\/www0.rivalsolutions.com\/index.php?rest_route=\/wp\/v2\/media\/1574"}],"wp:attachment":[{"href":"https:\/\/www0.rivalsolutions.com\/index.php?rest_route=%2Fwp%2Fv2%2Fmedia&parent=1563"}],"curies":[{"name":"wp","href":"https:\/\/api.w.org\/{rel}","templated":true}]}}